708 - (0 + 2 + -7).
5
-13 + (-6 - ((10 - 18) + -10))
-1
What is the value of 4 + 1 + (-2 - 4)?
-1
What is (-5 - 4 - -17) + -13 + -12?
-17
What is the value of 20 - (12 + -5 + -22 + -3 + 10)?
28
What is (-1 - (11 - 1)) + -7 + 15 - 3?
-6
2 + (2 - 1) + -3 - (-4 + 2)
2
-22 - (14 + -44) - -3
11
Evaluate (22 - (14 + 0)) + (1 - -2) + -2.
9
-39 + 46 + (20 + -9 - (5 + -1))
14
Evaluate 14 - (-5 + 1 + 8) - 4.
6
Calculate 8 + 2 + (1 - 40) + 11.
-18
What is the value of -2 + 6 + -10 + (-10 - 15) + 1?
-30
What is 6 + (7 - (-4 - (5 + -15))) + -4?
3
What is the value of -19 - ((5 + -4 - 2) + -2 + -3)?
-13
-6 + (-6 - -16) + -23
-19
What is the value of (15 - 13) + 7 + -17 + 0?
-8
Evaluate -7 + 0 + (26 - 23) + 2.
-2
Calculate (2 - 0) + (84 - 3 - 88).
-5
Evaluate 4 + (-314 + 312 - (14 + (-1 - 0))).
-11
Calculate (-52 - -40) + (24 - -1) - 5.
8
What is the value of (-32 - (15 - 24)) + 15?
-8
Evaluate -6 + 0 + -5 + (-2 - 1 - -2).
-12
What is the value of -2 - -7 - (74 - 73)?
4
Calculate (4 + 0 - (32 - 17)) + -4.
-15
Calculate -38 + 29 + -26 + (-1 - -13).
-23
What is the value of (-19 - -39 - -3) + 0 + -13?
10
15 - (-7 + 14) - 5
3
What is -8 - 7 - 5 - -33?
13
What is the value of 3 - 34 - (-119 + 86)?
2
(3 - 14) + 3 + (353 - 340)
5
What is (-7 + 10 - 0 - (-3 + 1)) + -5?
0
Evaluate (-8 - (-12 - -15)) + 11 - -16.
16
81 + -97 - (4 - 18)
-2
Calculate -29 + 83 + -19 - (-3 + 3).
35
What is the value of -13 + (28 - 21) + -13?
-19
Evaluate 13 - (7 - (5 + 4) - -4).
11
What is the value of 2 - 9 - (236 + -233)?
-10
(1 - 2 - (65 + -48)) + 7
-11
What is -7 + 0 + (-15 - -14) + 32?
24
Calculate -4 + 0 + -12 + 11.
-5
What is -8 + 39 + -10 + (-8 - 1)?
12
(18 - -7 - 29) + 26
22
Calculate (-2 - -1) + 7 - (-12 + 14 + -2).
6
13 + -1 - (-1695 - -1674)
33
(-4 - (11 + -11)) + (-3 - (-1 + -6))
0
Evaluate -10 + (-7 - (0 - 11)) + 5.
-1
What is 2 + (-7 - (0 + -1 + 1)) + -1?
-6
What is -10 + 1 - (629 - 633)?
-5
Calculate -8 + 1 - (27 + (10 - 33)).
-11
Evaluate -29 - (7 + -16 + -9).
-11
Evaluate 0 + (-4 - -23) + (-13 - -23 - 4).
25
What is (1 - -1) + (-278 - -290 - (11 - -1))?
2
(-1 - -6) + -2 + 2
5
28 + -20 + -7 + 8
9
Evaluate (26 - 10) + -11 + 6 - 8.
3
Calculate 34 + 5 + -46 + 42.
35
Evaluate 6 + (4 - (-3 + 1 + 3)) + 2.
11
Calculate -3 - 2 - ((-7 - -1) + (100 - 90)).
-9
(4 - 6) + (-4 - (8 - (-3 + 7)))
-10
Evaluate -22 + (3 - 1) + 140 + -133.
-13
Evaluate 8 + -36 + 54 + -36.
-10
What is -6 - (-6 + -3 + (-4 + 30 - 9))?
-14
-3 + 1 + -8 + (36 - 8)
18
What is the value of 3 - (7 - (9 - -2)) - 1?
6
Calculate (25 - 22) + -16 - 21.
-34
-2 - -1 - 14 - (-18 - -1 - -13)
-11
What is (2 - 0) + -3 + (20 - (-13 - -30))?
2
Evaluate -1 + (4 - 4) + 7.
6
What is the value of 7 + -6 + (0 - (2 - 8)) + -9?
-2
Evaluate -6 + 17 + -2 + (120 - 141).
-12
Evaluate 6 - (1 + -6 - (-8 + 50 - 30)).
23
-7 - -19 - -5 - (2 - (-5 - -1))
11
-26 - (-22 - (-2 + -9) - 0)
-15
Calculate (104 - 84) + (-23 - -3).
0
What is (-3 - 15) + -91 + 122?
13
Calculate -6 + (-1 - -1) - (0 + -15 + 3).
6
-5 + 5 - ((8 - 0) + 9 + -5)
-12
Evaluate 3 - (0 + -3) - (165 + -156).
-3
Calculate -2 + -2 - (0 - (33 + -21)).
8
What is (10 + 10 - (3 + 10)) + 8?
15
14 - (13 - 6 - -8)
-1
Evaluate -3 + 0 + 5 + -1 - (3 - -1).
-3
What is 10 - (10 - (-13 - -5))?
-8
Calculate 195 - 177 - (9 - 0).
9
10 + (-31 - (7 + -13))
-15
Calculate (12 - (-3 - 0 - -10)) + -6.
-1
(15 - (-3 + 1 + 6 + -5)) + 2
18
Evaluate 11 + 5 + (10 - 16).
10
7 + 4 + -4 + 7 - 3 - -4
15
Evaluate -16 - -1 - ((8 - 19) + -2 - -14).
-16
What is the value of -22 - (12 - 15 - 14)?
-5
Evaluate -5 - (-12 - -10) - -15.
12
Evaluate -3 + 1 + -11 + (-22 - -17 - -21).
3
What is the value of 6 + (-3 - -5) + (-14 - -18)?
12
22 - (12 + -1 + -11) - (-1 - -3)
20
Evaluate (27 - 33) + (2 - -5) - 10.
-9
Calculate -8 + 1 + 0 + -7 - -3.
-11
Calculate -3 - ((10 - 9) + 8).
-12
What is (0 + 2 - (7 - 24)) + -3 + -1?
15
-10 + (3 - -13) + -10
-4
What is the value of -1 - -16 - (80 - (21 - -25))?
-19
-1 + (-3 - 0) - (-244 + 238)
2
Evaluate -39 + (-9 + 21 - -7 - 6).
-26
Calculate -1 - (-9 + 1 + 3 - (13 + 0)).
17
What is 4 + -5 + (-4 - -9 - 13)?
-9
Calculate 9 - (8 - ((-2 - -15) + 1)).
15
What is the value of 2 + 19 + 6 + 4 + -19?
12
7 + -31 + 19 + -2
-7
What is -17 + (42 - 6) + -11?
8
What is the value of 43 + (20 - 4) + -33?
26
Calculate -28 - -36 - (6 - 12).
14
What is the value of -5 - (2 + -1) - -11?
5
-25 - (-2 + 10 + 7 + -16) - -6
-18
Calculate -20 + 33 + 19 - 17.
15
What is the value of -29 - -24 - (-7 + -1 + -5)?
8
-3 + 3 + -5 + 0 - (11 + -19)
3
Calculate -13 - (18 - (18 - -4)).
-9
What is 1 + 1 - 1 - 8?
-7
What is the value of -5 + 1 + -1 + -4 + -5?
-14
Calculate 112 - 110 - (-5 + -3 - (-4 + 2)).
8
-31 + 28 - -21 - 19
-1
Calculate -7 + (110 - 102) + (2 - 0).
3
Evaluate -4 + 16 - (0 + 1 + 1 - -4).
6
Evaluate -2 - (-2 - (-3 + 1)).
-2
What is the value of 0 + 2 - 8 - (-3 - (5 - 11))?
-9
-8 - (1 + (17 - 9)) - -14
-3
(2 + (3 - 8) - (-62 + 67)) + -14
-22
Evaluate (-2 - -1) + 20 + (18 - 37) - 5.
-5
What is 11 + (1 - 20) - (6 + 8)?
-22
Calculate 4 - (-4 + 3) - (10 + 7 + 11).
-23
What is 0 + 4 + -3 + 3 + (0 - -3)?
7
What is the value of -22 + (18 - 11) + 26?
11
Evaluate 3 + -2 + -19 + 39.
21
What is 15 - (8 - (-2 + (-2 - (5 + -10))))?
8
Calculate 6 - (-20 - -15 - -45).
-34
(-22 - (-10 - 25)) + -21
-8
Evaluate 1 - 10 - (2 - (-16 - (-17 - 15))).
5
What is the value of -35 - (26 - 36) - -5?
-20
-94 + 92 + (0 - 2) + -2 + 20
14
Calculate 0 + 32 + -1122 + 1116.
26
Calculate (2492 - 2492) + 1 + -3.
-2
What is the value of (-4 - 2) + (2 - -27)?
23
Calculate 43 + -48 - (-19 + 11 + -7).
10
Evaluate (8 - (-7 + 7)) + -23.
-15
(5 + -13 - -11) + 17
20
Evaluate -3 + (10 - 14) - -11.
4
What is the value of -10 - (2 + -12 + 13 + -14)?
1
Evaluate -3 + (9 - (-1 - (0 - 6))) + -4.
-3
What is the value of (-1 - 3) + 1 + (-3 - -11) - 6?
-1
Calculate (-3 - (8 + -2)) + (-7 - -7).
-9
-2 + 11 + -16 + 11 + -20
-16
What is the value of (1 - (-29 + 18)) + -13?
-1
What is the value of -24 - (-8 + 2) - 6 - 0?
-24
What is -25 + 10 + (8 - -2) + 6 + 5?
6
What is 15 + 1 + (7 - 3) + (-7 - -4)?
17
48 - 38 - (1 - -7)
2
What is the value of -9 - -16 - ((-13 - -8) + 3)?
9
13 + -10 + 17 - (2 + -13 - -1)
30
What is (-3 - -2) + -6 + (-18 - -27) - 2?
0
What is the value of -4 - 3 - ((9 - 1) + -23) - 13?
-5
0 + 1 - (7 - -17 - 12)
-11
Calculate (-3 + 8 - 3) + 13 - (-7 + 10).
12
Calculate (-2 - -7) + (-23 - -17).
-1
Calculate 10 - (2 + 7 + (-18 - 7) + -6).
32
19 - (-12 + 54 + -20)
-3
What is -15 - ((0 - 6) + (-35 - -29))?
-3
Calculate -7 + -7 + 5 + 8 + 10.
9
What is the value of -24 - (8 + -30 + 15 + (1 - 3))?
-15
What is the value of (7 - (5 - 8 - -10)) + -2 + 2?
0
What is the value of (-30 - (2 - 4 - 1)) + 3?
-24
Calculate (-2 - 14 - 12) + (-1 - -7).
-22
-11 + 5 + (-8 - (4 + -5))
-13
Evaluate -41 + 23 + 2 + -8 + 5.
-19
-20 + 2 + 8 + 14
4
What is (43 - 40) + (-33 - -7) + 10 + 0?
-13
Calculate 25 - (21 + 11) - (-3 - (-15 - -1)).
-18
Evaluate -7 - (-17 - 0) - 3.
7
Evaluate (-7 - -2) + (45 - 52) + (2 - 5).
-15
Evaluate -6 - (14 + (4 - (7 + 5) - -15)).
-27
Calculate -11 + (-24 - -6 - -31).
2
Calculate -4 + (26 - 72) + 34.
-16
What is (-3 - 5) + 0 + 16 + -16?
-8
Evaluate -18 - (-1 - ((-8 - -9) + 4)).
-12
Calculate 14 + (-2 - -4) + 5 + (-14 - -8).
15
What is -1 + 15 - (121 - 104)?
-3
What is (-4 - 8) + (4 - (3 + 0))?
-11
What is the value of -1 + -10 + 1 + (-4831 - -4861)?
20
Calculate -4 + (2 - (0 - 3)) + -2.
-1
(5 - -5) + 6 + 0 - 6
10
Evaluate 3 + (3 + (-16 - 2) - (2 + -2)).
-12
Calculate (44 + -40 - -9) + (-9 - -1).
5
What is 11 + -10 + 3 + (-5 + 6 - 6)?
-1
What is 425 + -444 + (1 - 0) - -40?
22
What is -1 - (-6 + -13 + 9)?
9
15 - ((-9 - -17) + -8 + -6)
21
-6 - (0 - 14) - 4
4
6 + (-14 - -2) + 31
25
Evaluate 2 + -11 - (-40 - -37).
-6
What is the value of -3 - ((-9 - -15) + -11)?
2
Evaluate 17 + 10 - 10 - 14.
3
Calculate (-74 - -81) + -25 + -1 + 1.
-18
What is 58 - 56 - (-1 + -2 + -3 + 17)?
-9
What is the value of (93 - 101) + 3 + 0 + -2?
-7
What is the value of -69 + 63 - ((-1 - 1) + 6 + -8)?
-2
What is 10 - (-3 + 1) - (22 + -18)?
8
What is -4 + (4 - (-3 - -1) - (-6 + 39))?
-31
What is 14 + -32 + 26 + -7?
1
What is 11 + 3 + (-24 - -7) + 6?
3
Evaluate -18 - (-16 + 5) - (0 + -4).
-3
Evaluate 4 + -14 + 13 + 2.
5
What is 10 - (22 - (-28 - -27))?
-13
Evaluate (-51 - -49) + (-3 - (